 remainder when l(7) is divided by 9.
7
Suppose i = 11*k - 5716 - 3584, 2*i = -10. What is the remainder when k is divided by 16?
13
What is the remainder when -20*((-99)/(-18))/(0 + -1) is divided by 38?
34
Let s = -2614 + 2638. What is the remainder when 0 + 4/((-8)/(-330)) is divided by s?
21
Let j be (((-56)/(-6))/1)/(4/6). Let m = 23 - j. Calculate the remainder when 17 is divided by m.
8
Suppose -1 + 31 = 3*d. Suppose -97 = -3*p + 5*x, 5*x = 2*p - p - 19. What is the remainder when (-8)/52 + 1137/p is divided by d?
9
Let n be -1*15/20*-4. Suppose 0 = -4*p - n*o + 516, -129 = -p - 2*o - 0*o. What is the remainder when p is divided by 33?
30
Suppose -2*y - 3*y + k = -4998, -4*y = -5*k - 3990. Suppose 660 = 10*f - y. Calculate the remainder when f is divided by 28.
26
Let j be (-4)/16 + (-59)/4. Let t = -12 - j. Suppose -g + 9 = 3*l, -2*g - t*l - 2*l + 17 = 0. What is the remainder when 10 is divided by g?
4
Suppose -4*f = -2*s - 0*s + 2, -3 = 5*s - 2*f. Let u = -1 - s. Calculate the remainder when 47 + u*(-2 + 3) is divided by 17.
13
Suppose 17*c - 3*y = 13*c + 199, 2*y = -4*c + 194. Suppose 0 = -4*d + 36 + 16. What is the remainder when c is divided by d?
10
Suppose 7 = 9*y - 2. Let m = 32 + -10. Calculate the remainder when m is divided by (y + 2 + 5)*1.
6
Suppose 13 + 15 = 4*i. Let d(h) = 9*h - 5. Suppose -z + 29 - 9 = 0. Calculate the remainder when d(i) is divided by z.
18
Suppose 0*a = a + 3*i + 40, 2*i = -5*a - 226. Let s = 78 + a. What is the remainder when s is divided by 28/(-5 - -3)*((-20)/(-8) - 3)?
4
Let x(n) = -n**3 - 8*n**2 + 9*n + 8. Let s be x(-9). Let t be 44/10 + s/(-20). What is the remainder when 30 is divided by t/22 + 522/33?
14
Suppose 4*h = h - 5*u + 302, -h = -2*u - 119. Calculate the remainder when h is divided by 21.
4
Let x(w) = 12*w - 64. Let d(a) = -a + 1. Let m(q) = -2*d(q) + x(q). Calculate the remainder when m(13) is divided by 30.
26
Let x(m) = -m**2 + 6*m - 4. Let t = 13 + -9. Calculate the remainder when 39*((-5)/3)/(-5) is divided by x(t).
1
Suppose 5*x + 65 = -4*s, 6 - 94 = 4*x - 4*s. Let u = 36 + x. Let i = -25 - -36. What is the remainder when u is divided by i?
8
What is the remainder when (8/6)/(-1 - 25/(-15)) is divided by 2?
0
Suppose 5*b = -2*h + 73, 3*h = -2*b + h + 28. Let p(s) = -s**3 + 6*s + 3. What is the remainder when p(-4) is divided by b?
13
Let c = -5500 - -5508. Suppose 7*n - 4*n = 69. Calculate the remainder when n is divided by c.
7
Suppose 14*j - 668 - 326 = 0. Calculate the remainder when j is divided by 48.
23
Suppose q - 4*y = 24, 4*q + 5*y - 59 = 58. Calculate the remainder when q is divided by 10.
8
Let a = -118 + 48. Let c = a - -86. Suppose 0 = -5*d - 0*d + 155. What is the remainder when d is divided by c?
15
Suppose 4*y - 4*c = 8, -5*c - 20 = 5. What is the remainder when -3 + (-3 - (-28 - y)) is divided by 4?
3
Let k be (-135)/4*8/(-2). Suppose 10*d = 7*d + k. Calculate the remainder when d is divided by 16.
13
Let s(o) = -2*o - 12. What is the remainder when 6 is divided by s(-9)?
0
Let t(k) = 10*k**3 - k**2. Let q be t(1). Suppose -2*y = -23 - q. Calculate the remainder when (6 - (-768)/(-18))*(-18)/15 is divided by y.
12
Suppose 21*o - 2*o = 342. Calculate the remainder when 66 is divided by o.
12
Let b(l) = 25*l - 170. What is the remainder when 236 is divided by b(8)?
26
Suppose -2 = f + 1. Let l = -18 - f. Let x = l - -79. Calculate the remainder when x is divided by 13.
12
Suppose 3*d - 2020 = -4*o, -6*o + 10*o = 16. Suppose d = -80*m + 84*m. Calculate the remainder when m is divided by 42.
41
Let m be 45/30 + (-33)/(-2). What is the remainder when 3/2 - (-495)/m is divided by 10?
9
Suppose 2*x + 5*d - 56 = 72, 3*x - 3*d - 234 = 0. Calculate the remainder when x is divided by (-1)/2*(-286)/13.
8
Suppose 55 = 3*s - 5*j - 158, -4*s + 3*j + 295 = 0. Calculate the remainder when s is divided by 4.
0
Let t(y) = 3*y**2 + 47*y + 140. What is the remainder when t(-14) is divided by 46?
24
Suppose -14*q = 987 - 2989. What is the remainder when q is divided by 49?
45
Suppose -1064*j = -1063*j - 15. What is the remainder when 1364 is divided by j?
14
Let t = 270 - 191. What is the remainder when t is divided by 540/20 - (-12)/(-2)?
16
Suppose 0 = -8*u - 19 + 75. What is the remainder when 33 is divided by u?
5
Let r = 230 + -133. Let q = 170 - r. What is the remainder when q is divided by 25?
23
Suppose -4*s + 63 = -2*g + 3*g, g + 39 = 2*s. Calculate the remainder when 455 is divided by s.
13
Let j(f) = 3*f**2 - 21*f + 53. Calculate the remainder when j(5) is divided by 14.
9
Let y = -162 + 237. Calculate the remainder when y is divided by 9.
3
Let l = -28 - -45. Let x = -58 + 70. Suppose -x*m + 99 = -11*m. Calculate the remainder when m is divided by l.
14
Let z(u) = 3*u**3 - 7*u**2 - 12*u + 32. What is the remainder when 93 is divided by z(3)?
9
Suppose 0 = -94*c + 4633 + 3357. What is the remainder when c is divided by 15?
10
Let v(f) = -9*f + 51. Let g = 105 + -116. Calculate the remainder when v(g) is divided by 19.
17
Let i(s) = 1 - 3 + 11*s + 1. Suppose -352*c - 30 = -362*c. Calculate the remainder when i(1) is divided by c.
1
Let w = -328 + 360. What is the remainder when 122 is divided by w?
26
Calculate the remainder when 71 is divided by ((-9)/4)/(15/(-80)).
11
Let u be 42/(-4) - (-2)/(-4). Let z(q) = 4*q + 17. Let p(k) = -8*k - 34. Let v(s) = 6*p(s) + 11*z(s). Calculate the remainder when v(u) is divided by 15.
12
Let d be (8/(-18))/((-16)/72). Suppose -d*j + 9*j = 84. Calculate the remainder when 394/9 - (-4)/18 is divided by j.
8
Let w be ((-2)/1)/((-858)/(-213) - 4). Let q = 93 + w. Calculate the remainder when q is divided by 4.
2
Suppose -2*c = 3*x + 2 - 9, 5*c - 5*x = 5. Suppose c*l - 73 = l. Let f = -1884 + 1903. Calculate the remainder when l is divided by f.
16
Suppose -22*h + 869 + 6281 = 0. Calculate the remainder when h is divided by 10.
5
Let n = 672 + -524. What is the remainder when n is divided by 52?
44
Suppose c - 5*n - 2 = 6, -10 = -c + 3*n. Suppose 0*k + 22 = k - 5*l, -194 = -5*k - 3*l. What is the remainder when k is divided by c?
11
Suppose 2*f - 17 = -11. Let z(o) = -o**3 + 2*o**2 + 4*o + 1. Let d be z(f). Suppose d = -2*p + 3*p. Calculate the remainder when 5 is divided by p.
1
Suppose 4 = x + 1. Suppose 4*j - 34 + 3 = 3*i, -3*i - 27 = -x*j. Calculate the remainder when 4 is divided by j.
0
Let a(i) = -i**2 - 6*i + 35. Let r be a(-11). Calculate the remainder when 14 is divided by (-11)/(r/10 + -2 + 3).
3
Suppose 5*g = 3*n + 354, 3*n - 5*n = -5*g + 351. Calculate the remainder when g is divided by 150/(-450) - ((-109)/3 - 0).
33
Suppose -71 = -11*g + 10*g. What is the remainder when g is divided by 9?
8
Let m be 25/2 + (-9)/6. Let b = -15 + m. What is the remainder when b/(-22) - 471/(-11) is divided by 11?
10
Let p = 622 - 601. Calculate the remainder when 249 is divided by p.
18
Suppose 35 = -2*u + 3*u. Let v(b) = -3*b - 36. Suppose 6*y + 76 = y - 4*l, 27 = -2*y - 5*l. Calculate the remainder when u is divided by v(y).
11
Let l = -16 - -32. Suppose 2*d = 6 + l. What is the remainder when (-525)/(-17) - (-180)/(-45)*(-1)/34 is divided by d?
9
Let j = -133 - -67. Let w = j - -128. Calculate the remainder when w is divided by 16.
14
Suppose 0*q = -q - 2*s - 20, 0 = -q - s - 15. What is the remainder when 18 is divided by q/(-8)*(1 + 7)?
8
Let s(w) = -11*w - 1. Let q(j) = -j**3 - 8*j**2 - 6*j + 5. Let d be q(-7). Let l = 194 - 112. What is the remainder when l is divided by s(d)?
19
What is the remainder when 14 is divided by (3 + -1)/((-44)/(-132))?
2
Let v be (0 - 2) + 1*1*1705. What is the remainder when v/91 - (-4)/14 is divided by 14 - 1/(3/9)?
8
Suppose -3*y + 7 + 2 = 0. Suppose -d - y*d = 2*h + 2, 4*h + 2*d = 14. What is the remainder when h is divided by 3?
2
Suppose 240 = -25*j + 35*j. What is the remainder when j is divided by 9?
6
Suppose 10*c = 171 + 169. Let o = -29 + c. Let g(u) = -4*u - 2. What is the remainder when g(-5) is divided by o?
3
Let o = 45 - -23. Calculate the remainder when o is divided by 1680/75 + 3/5.
22
Let k(y) = -99*y - 185. Calculate the remainder when k(-5) is divided by 81.
67
Let w(r) be the third derivative of -6*r**2 + 1/3*r**3 + 0 + 0*r - 11/24*r**4. Calculate the remainder when 38 is divided by 